{"id":26,"date":"2016-05-08T20:00:29","date_gmt":"2016-05-08T19:00:29","guid":{"rendered":"http:\/\/schepker.de\/?page_id=26"},"modified":"2022-01-11T13:34:45","modified_gmt":"2022-01-11T12:34:45","slug":"sovd-ov-bockhorn","status":"publish","type":"page","link":"https:\/\/schepker.de\/?page_id=26","title":{"rendered":"SoVD-OV-Bockhorn"},"content":{"rendered":"<h1 class=\"western\"><span style=\"font-family: Liberation Sans,sans-serif;\"><img loading=\"lazy\" decoding=\"async\" class=\"alignnone size-full wp-image-28\" src=\"https:\/\/schepker.de\/wp-content\/uploads\/head_logo.gif\" alt=\"head_logo\" width=\"120\" height=\"91\" \/><\/span><\/h1>\n<h1 class=\"western\"><span style=\"font-family: Liberation Sans,sans-serif;\">Sozialverband Deutschland<\/span><\/h1>\n<h2 class=\"western\"><span style=\"font-family: Liberation Sans,sans-serif;\">Ortsverband Bockhorn<\/span><\/h2>\n<h3 class=\"western\"><span style=\"font-family: Liberation Sans,sans-serif;\">Vorstand<\/span><\/h3>\n<p><span style=\"font-family: Liberation Sans,sans-serif;\">Erster Vorsitzender: Manfred Rothenburg<\/span><\/p>\n<p><span style=\"font-family: Liberation Sans,sans-serif;\">Zweiter Vorsitzender: Hajo Schepker<\/span><\/p>\n<p><span style=\"font-family: Liberation Sans,sans-serif;\">Zweiter zweiter Vorsitzender: Johann Helmerichs<\/span><\/p>\n<p><span style=\"font-family: Liberation Sans,sans-serif;\"><span style=\"font-family: Liberation Sans,sans-serif;\">Kassierer: Elfriede Rothenburg<\/span><\/span><\/p>\n<p><span style=\"font-family: Liberation Sans,sans-serif;\"><span style=\"font-family: Liberation Sans,sans-serif;\">Schriftf\u00fchrer: Hajo Schepker<\/span><\/span><\/p>\n<p><span style=\"font-family: Liberation Sans,sans-serif;\"><span style=\"font-family: Liberation Sans,sans-serif;\">Frauenbeauftragte: Maria Bolenski; Ursula J\u00f6hnke<\/span><\/span><\/p>\n<p><span style=\"font-family: Liberation Sans,sans-serif;\"><span style=\"font-family: Liberation Sans,sans-serif;\">Beisitzer: B\u00e4rbel Coenen, K\u00e4the Harms <\/span> <\/span><\/p>\n<h3 class=\"western\"><span style=\"font-family: Liberation Sans,sans-serif;\">Termine &#8211; Wegen der anhaltenden Pandemie aktuell keine Planung f\u00fcr 2022<br \/>\n<\/span><\/h3>\n<h4 align=\"LEFT\"><span style=\"font-family: Liberation Sans,sans-serif;\">Terminplanung<\/span><\/h4>\n<h4 align=\"LEFT\"><span style=\"font-family: Liberation Sans,sans-serif;\">Tagesfahrt 1<\/span><\/h4>\n<h4 align=\"LEFT\"><span style=\"font-family: Liberation Sans,sans-serif;\">Tagesfahrt 2<\/span><\/h4>\n<h4>Tagesfahrt 3<\/h4>\n<p align=\"LEFT\">\n<h3 class=\"western\"><span style=\"font-family: Liberation Sans,sans-serif;\">Patientenverf\u00fcgung<br \/>\n<\/span><\/h3>\n<p><a href=\"http:\/\/www.sovd.de\/fileadmin\/downloads\/broschueren\/pdf\/patientenverfuegung.pdf\">Brosch\u00fcre und Formulierungshilfen<\/a><\/p>\n<h3 class=\"western\"><span style=\"font-family: Liberation Sans,sans-serif;\">Vorsorgevollmacht<\/span><\/h3>\n<p><a href=\"https:\/\/www.sovd.de\/fileadmin\/downloads\/broschueren\/pdf\/vorsorgevollmacht.pdf\">Brosch\u00fcre und Formulierungshilfen<\/a><\/p>\n<hr \/>\n<h3 class=\"western\"><span style=\"font-family: Liberation Sans,sans-serif;\">Bildergalerie (Alle Fotos privat; Ausnahmen gekennzeichnet)<\/span><\/h3>\n<pre><a href=\"https:\/\/schepker.de\/?attachment_id=168\">Ehrung langj\u00e4hriger Mitglieder am 13.03.2019<\/a>\n\n<a href=\"https:\/\/schepker.de\/wp-content\/uploads\/2018-Ehrung-langj\u00e4hriger-Mitglieder.jpg\">Ehrung langj\u00e4hriger Mitglieder am 25.03.2018<\/a>\n\n<a href=\"https:\/\/schepker.de\/wp-content\/uploads\/IMG_20171021_210125.jpg\">Bunter Abend 2017 - Sketch<\/a>\n\n<a href=\"https:\/\/schepker.de\/wp-content\/uploads\/IMG-20170509-WA0006.jpg\">Foto Gruppenreise 2017<\/a>\n\n<a href=\"https:\/\/schepker.de\/wp-content\/uploads\/IMG_20170205_161210.jpg\">Ehrung langj\u00e4hriger Mitglieder am 05.02.2017<\/a>\n\n<a href=\"https:\/\/schepker.de\/wp-content\/uploads\/PA150139.jpg\">Bunter Abend 2016 - Sketch<\/a>\n\n<a href=\"https:\/\/schepker.de\/wp-content\/uploads\/DSC_4950.jpg\">Ehrung langj\u00e4hriger Mitglieder am 14.02.2016<\/a>\n\n<a href=\"https:\/\/schepker.de\/wp-content\/uploads\/DSCI0011.jpg\"><span style=\"font-family: Liberation Sans,sans-serif;\">Ehrung langj\u00e4hriger Mitglieder am 14.02.2015 (Foto NWZ)<\/span><\/a>\n\n<a href=\"https:\/\/schepker.de\/wp-content\/uploads\/DSCI0011.jpg\"><span style=\"font-family: Liberation Sans,sans-serif;\">Ehrung langj\u00e4hriger Mitglieder am 15.03.2015<\/span><\/a>\n\n<a href=\"https:\/\/schepker.de\/wp-content\/uploads\/Bild.jpg\"><span style=\"font-family: Liberation Sans,sans-serif;\">Ehrung langj\u00e4hriger Mitglieder am 16.03.2014<\/span><\/a>\n\n<a href=\"https:\/\/schepker.de\/wp-content\/uploads\/2013-03-17.jpg\"><span style=\"font-family: Liberation Sans,sans-serif;\">Ehrung langj\u00e4hriger Mitglieder am 17.03.2013<\/span><\/a><\/pre>\n<hr \/>\n<hr \/>\n<p><a href=\"http:\/\/www.sovd.de\/sozialverband_deutschland.htm\"><span style=\"font-family: Liberation Sans,sans-serif;\">Homepage des SoVD-Deutschland<\/span><\/a><\/p>\n<p><a href=\"http:\/\/www.sovd-nds.de\/\"><span style=\"font-family: Liberation Sans,sans-serif;\">Homepage des SoVD-Landesverbandes Niedersachsen<\/span><\/a><\/p>\n<p><a href=\"http:\/\/www.sovd-friesland.de\/\"><span style=\"font-family: Liberation Sans,sans-serif;\">Homepage des Kreisverbandes Friesland<\/span><\/a><\/p>\n","protected":false},"excerpt":{"rendered":"<p>Sozialverband Deutschland Ortsverband Bockhorn Vorstand Erster Vorsitzender: Manfred Rothenburg Zweiter Vorsitzender: Hajo Schepker Zweiter zweiter Vorsitzender: Johann Helmerichs Kassierer: Elfriede Rothenburg Schriftf\u00fchrer: Hajo Schepker Frauenbeauftragte: Maria Bolenski; Ursula J\u00f6hnke Beisitzer: B\u00e4rbel Coenen, K\u00e4the Harms Termine &#8211; Wegen der anhaltenden Pandemie aktuell keine Planung f\u00fcr 2022 Terminplanung Tagesfahrt 1 Tagesfahrt 2 Tagesfahrt 3 Patientenverf\u00fcgung Brosch\u00fcre und &hellip; <a href=\"https:\/\/schepker.de\/?page_id=26\" class=\"more-link\"><span class=\"screen-reader-text\">SoVD-OV-Bockhorn<\/span> weiterlesen<\/a><\/p>\n","protected":false},"author":1,"featured_media":0,"parent":2,"menu_order":2,"comment_status":"closed","ping_status":"closed","template":"","meta":{"footnotes":""},"class_list":["post-26","page","type-page","status-publish","hentry"],"_links":{"self":[{"href":"https:\/\/schepker.de\/index.php?rest_route=\/wp\/v2\/pages\/26","targetHints":{"allow":["GET"]}}],"collection":[{"href":"https:\/\/schepker.de\/index.php?rest_route=\/wp\/v2\/pages"}],"about":[{"href":"https:\/\/schepker.de\/index.php?rest_route=\/wp\/v2\/types\/page"}],"author":[{"embeddable":true,"href":"https:\/\/schepker.de\/index.php?rest_route=\/wp\/v2\/users\/1"}],"replies":[{"embeddable":true,"href":"https:\/\/schepker.de\/index.php?rest_route=%2Fwp%2Fv2%2Fcomments&post=26"}],"version-history":[{"count":42,"href":"https:\/\/schepker.de\/index.php?rest_route=\/wp\/v2\/pages\/26\/revisions"}],"predecessor-version":[{"id":175,"href":"https:\/\/schepker.de\/index.php?rest_route=\/wp\/v2\/pages\/26\/revisions\/175"}],"up":[{"embeddable":true,"href":"https:\/\/schepker.de\/index.php?rest_route=\/wp\/v2\/pages\/2"}],"wp:attachment":[{"href":"https:\/\/schepker.de\/index.php?rest_route=%2Fwp%2Fv2%2Fmedia&parent=26"}],"curies":[{"name":"wp","href":"https:\/\/api.w.org\/{rel}","templated":true}]}}